{"id":2,"date":"2019-07-22T19:56:09","date_gmt":"2019-07-22T19:56:09","guid":{"rendered":"https:\/\/www.metalsuvak.com\/?page_id=2"},"modified":"2025-03-12T11:22:24","modified_gmt":"2025-03-12T11:22:24","slug":"sample-page","status":"publish","type":"page","link":"https:\/\/de.metalsuvak.com\/?page_id=2","title":{"rendered":"\u00dcBER UNS"},"content":{"rendered":"\r\n<p>Das Unternehmen wurde 1989 als eigenst\u00e4ndiger Handwerksbetrieb mit drei Mitarbeitern gegr\u00fcndet.&nbsp;Die Produktion erfolgte auf automatischen Maschinen und basierte auf der Konstruktion und Wartung von Maschinen und Anlagen.&nbsp;<br>Die \u0160UVAK METAL GmbH hat seit ihrer Gr\u00fcndung ihre Kapazit\u00e4ten und Aktivit\u00e4ten kontinuierlich erweitert und ist heute ein Unternehmen mit einem sehr breiten Produktions- und Dienstleistungsspektrum.&nbsp;Das hohe Ma\u00df an Service und die Bereitschaft, kurzfristig auf Kundenw\u00fcnsche zu reagieren, ist einer der Gr\u00fcnde, warum uns viele in- und ausl\u00e4ndische Unternehmen Vertrauen entgegenbringen und gesch\u00e4ftliche Zusammenarbeit anbieten.<br>\u0160UVAK METAL  GmbH  mit Sitz in Kozarska Dubica ist heute ein Unternehmen, das 40 konventionelle und 10 CNC-Maschinen besitzt und der Arbeitgeber von 35 jungen Facharbeitern ist.&nbsp; Mit einer langen Tradition haben wir das Wissen und die Erfahrung erworben, die notwendig sind, um die komplexesten Teile und Werkzeuge herzustellen.<br>Die \u0160UVAK METAL GmbH entwickelt sich st\u00e4ndig weiter, was zu intensiven<br>Investitionen in Humanressourcen und moderner Technologie f\u00fchrt, sodass die Zusammenarbeit mit unseren Partnern auf h\u00f6chstem technologischem Niveau erfolgt.<\/p>\r\n\r\nISO 3834<br>\r\n\r\n\r\n\r\n<div class=\"wp-block-file\"><a href=\"https:\/\/de.metalsuvak.com\/wp-content\/uploads\/2020\/09\/ISO-9001-eng..pdf\">ISO-9001-eng.<\/a><a href=\"https:\/\/de.metalsuvak.com\/wp-content\/uploads\/2020\/09\/ISO-9001-eng..pdf\" class=\"wp-block-file__button\" download>Download<\/a><\/div>\r\n","protected":false},"excerpt":{"rendered":"<p>Das Unternehmen wurde 1989 als eigenst\u00e4ndiger Handwerksbetrieb mit drei Mitarbeitern gegr\u00fcndet.&nbsp;Die Produktion erfolgte auf automatischen Maschinen und basierte auf der Konstruktion und Wartung von Maschinen und Anlagen.&nbsp;Die \u0160UVAK METAL GmbH hat seit ihrer Gr\u00fcndung ihre Kapazit\u00e4ten und Aktivit\u00e4ten kontinuierlich erweitert<\/p>\n","protected":false},"author":1,"featured_media":0,"parent":0,"menu_order":0,"comment_status":"closed","ping_status":"open","template":"","meta":{"footnotes":""},"class_list":["post-2","page","type-page","status-publish","hentry"],"_links":{"self":[{"href":"https:\/\/de.metalsuvak.com\/index.php?rest_route=\/wp\/v2\/pages\/2","targetHints":{"allow":["GET"]}}],"collection":[{"href":"https:\/\/de.metalsuvak.com\/index.php?rest_route=\/wp\/v2\/pages"}],"about":[{"href":"https:\/\/de.metalsuvak.com\/index.php?rest_route=\/wp\/v2\/types\/page"}],"author":[{"embeddable":true,"href":"https:\/\/de.metalsuvak.com\/index.php?rest_route=\/wp\/v2\/users\/1"}],"replies":[{"embeddable":true,"href":"https:\/\/de.metalsuvak.com\/index.php?rest_route=%2Fwp%2Fv2%2Fcomments&post=2"}],"version-history":[{"count":10,"href":"https:\/\/de.metalsuvak.com\/index.php?rest_route=\/wp\/v2\/pages\/2\/revisions"}],"predecessor-version":[{"id":896,"href":"https:\/\/de.metalsuvak.com\/index.php?rest_route=\/wp\/v2\/pages\/2\/revisions\/896"}],"wp:attachment":[{"href":"https:\/\/de.metalsuvak.com\/index.php?rest_route=%2Fwp%2Fv2%2Fmedia&parent=2"}],"curies":[{"name":"wp","href":"https:\/\/api.w.org\/{rel}","templated":true}]}}